+ 1045663. Give x(37).
6
Let y(l) = -l**3 - 46*l**2 + 242*l - 123. What is y(-51)?
540
Let o(u) = -177*u - 7975. Calculate o(-61).
2822
Let y(v) = -2725*v - 30008. Determine y(-11).
-33
Let b(r) = -6*r**3 - 10*r**2 + 26*r + 171. What is b(-7)?
1557
Let j(p) = -684*p**2 + 32*p - 38. Give j(0).
-38
Let u(d) = -d**3 + 13*d**2 + 31*d - 658. Give u(11).
-75
Let j(c) = 90*c - 651. Calculate j(6).
-111
Let h(y) = -y**2 + 716938*y + 21509042. Give h(-30).
2
Let a(s) = -2*s**3 + 102*s**2 - 607*s - 532. Calculate a(44).
-136
Let d(s) = 4*s**3 + 237*s**2 + 38*s - 1382. What is d(-59)?
-143
Let o(z) = -z**3 + 204*z**2 + 1519*z - 8869. Calculate o(211).
-7
Let k(o) = -2*o**3 - o**2 - 33617*o + 11. What is k(0)?
11
Let r(y) = 4*y**3 + 70*y**2 - 520*y - 8796. Give r(-18).
-84
Let a(j) = -9*j**2 - 73*j + 1774. Calculate a(10).
144
Let n(c) = 2*c**3 + 48*c**2 + 428*c + 1474. Calculate n(-10).
-6
Let j(p) = -4*p**2 - 1830*p - 149459. What is j(-351)?
67
Let c(v) = -v**3 + 184*v**2 - 349*v - 2764. Determine c(182).
-34
Let k(u) = 585*u + 5369. Calculate k(-9).
104
Let p(j) = 8*j**2 + 225*j - 1902. Determine p(7).
65
Let w(z) = -2*z**3 - 736*z**2 + 169*z + 62187. What is w(-368)?
-5
Let a(i) = -127*i**2 + 610*i - 11. Give a(6).
-923
Let p(x) = x**2 - 4950*x + 39611. Give p(8).
75
Let q(f) = -83*f**2 + 1264*f - 321. Calculate q(15).
-36
Let n(x) = -176*x**2 + 2147*x - 9. Determine n(12).
411
Let d(f) = 291*f - 13738. Determine d(47).
-61
Let h(f) = 2*f**2 - 228502*f + 456997. What is h(2)?
1
Let g(a) = -7*a**3 + 30*a**2 + 672*a - 137. What is g(-8)?
-9
Let k(f) = 1252*f - 38603. Determine k(31).
209
Let s(m) = m**2 - 1155*m + 304408. Calculate s(407).
-28
Let x(m) = -526*m + 26968. Give x(60).
-4592
Let i(w) = 11534*w - 11483. Calculate i(1).
51
Let n(q) = q**2 - 1786*q - 257425. Calculate n(-134).
-145
Let j(n) = -72999*n + 21242705. What is j(291)?
-4
Let g(v) = -3*v**3 + 2*v**2 - 29*v - 127. Give g(-4).
213
Let o(a) = -651*a - 21568. Calculate o(-33).
-85
Let h(o) = 22874*o + 4. Determine h(0).
4
Let i(p) = -525*p**2 + 5828*p - 117. Calculate i(11).
466
Let d(n) = -n**3 - 443*n**2 + 1273*n - 29015. Determine d(-446).
-25
Let u(p) = 179*p - 27685. Give u(159).
776
Let a(c) = c**3 - 405*c**2 - 3218*c + 703. Determine a(-8).
15
Let a(n) = 2*n**3 - 119*n**2 - 952*n + 1. What is a(-7)?
148
Let g(t) = 8929*t + 54111. Calculate g(-7).
-8392
Let a(b) = -3*b**2 + 373*b + 19514. Calculate a(164).
-2
Let n(d) = -d**3 + 155*d**2 - 619*d + 1818. Determine n(151).
-447
Let r(p) = 309271*p - 618571. Calculate r(2).
-29
Let l(s) = -2*s**2 - 362*s + 27611. Determine l(58).
-113
Let s(k) = 29359*k + 264144. Determine s(-9).
-87
Let r(w) = 2*w**3 - 1668*w**2 - 41220*w + 30891. What is r(858)?
3
Let v(s) = -s**2 - 151*s + 9858. Calculate v(-199).
306
Let g(v) = -26893*v + 376507. Calculate g(14).
5
Let h(m) = m**3 - 8*m**2 - 2233*m - 8753. What is h(-4)?
-13
Let w(s) = s**3 + 5*s**2 - 2395*s + 13967. Determine w(6).
-7
Let u(r) = -r**2 + 525*r + 86027. Give u(-129).
1661
Let r(j) = -2*j**2 + 674*j + 578266. Determine r(732).
-14
Let f(t) = 4*t**2 - 3*t + 18. Calculate f(-7).
235
Let u(h) = h**3 - 2*h**2 + 26*h - 57. Calculate u(0).
-57
Let j(k) = -418*k + 156475. Give j(374).
143
Let t(y) = -2*y**3 - 80*y**2 + 3241*y - 516. Determine t(-65).
69
Let v(w) = 4*w**2 + 64*w - 1640. Give v(14).
40
Let c(i) = -22379*i + 111800. Give c(5).
-95
Let w(n) = 16487*n - 181679. Calculate w(11).
-322
Let f(c) = 3*c**3 - 25*c**2 - 1121*c + 3498. Give f(3).
-9
Let x(p) = p**2 + 1016*p + 65670. What is x(-70)?
-550
Let g(f) = 8541*f + 580771. What is g(-68)?
-17
Let u(p) = 117*p**3 + 4*p**2 + 40*p + 38. Give u(-1).
-115
Let c(y) = 42*y**2 - 1593*y - 13212. Determine c(-7).
-3
Let y(c) = c**3 - 43*c**2 - 393*c - 87. Determine y(51).
678
Let l(s) = 2*s**2 - 297*s - 4200. Determine l(-13).
-1
Let l(p) = 7*p - 1817. Give l(264).
31
Let u(h) = -19287*h + 250737. Calculate u(13).
6
Let s(i) = 7087*i + 42885. Give s(-6).
363
Let n(w) = -5*w**2 + 44*w - 241. What is n(8)?
-209
Let b(h) = -55*h**2 + 978*h + 142. Give b(19).
-1131
Let j(k) = -k**2 - 4608*k - 371110. What is j(-82)?
22
Let i(q) = -3*q**2 - 173*q + 696. Give i(-61).
86
Let s(k) = -1357*k + 2722. Determine s(2).
8
Let a(f) = 414*f**2 + 6546*f + 33. Determine a(-16).
1281
Let j(w) = -220*w + 3396. Give j(18).
-564
Let j(z) = -z**3 - 179*z**2 - 1814*z - 393771. What is j(-181)?
85
Let y(f) = -78*f**3 + 22229*f**2 + 281*f + 1165. Give y(285).
25
Let o(u) = 89*u**2 + 165*u - 57. What is o(-2)?
-31
Let m(b) = -3*b**2 + 703*b - 3527. What is m(5)?
-87
Let i(q) = -895*q + 167431. What is i(187)?
66
Let u(d) = -4*d**3 - 74*d**2 - 12*d + 138. Give u(-18).
-294
Let j(w) = 447*w - 910. What is j(2)?
-16
Let a(o) = -o**3 + 14*o**2 - 333*o + 4271. Give a(13).
111
Let s(a) = -a**2 - 14442*a + 115640. Calculate s(8).
40
Let k(y) = -y**3 + 73*y**2 + 48400*y - 145828. Determine k(3).
2
Let k(i) = -1763*i + 447. Calculate k(0).
447
Let f(o) = -23*o**2 + 42*o - 244. Calculate f(10).
-2124
Let c(i) = 10*i**2 + 6079*i - 610. Determine c(-608).
-2
Let d(j) = 861*j + 5436. Give d(-11).
-4035
Let y(c) = -3154*c - 192417. Determine y(-61).
-23
Let y(n) = 10*n**3 - 38*n**2 + 381*n - 1573. Determine y(4).
-17
Let y(z) = -88*z - 2679. Calculate y(-26).
-391
Let r(g) = -942*g - 57872. Calculate r(-62).
532
Let t(w) = -w**2 - 34419*w + 619872. Give t(18).
6
Let i(m) = m**3 + 22*m**2 - 8*m - 691. What is i(-21)?
-82
Let r(z) = -z**3 - 14*z**2 - 11*z + 83. Calculate r(2).
-3
Let u(y) = -26*y**2 + 2849*y - 45832. Calculate u(90).
-22
Let r(q) = 2773*q - 11171. Determine r(4).
-79
Let k(o) = o**3 - 123*o**2 + 700*o + 314. Determine k(117).
80
Let u(m) = -2*m**3 - 73*m**2 - 641*m + 338. Calculate u(-21).
128
Let z(p) = 406*p + 7267. Determine z(-20).
-853
Let l(q) = q**2 + 25*q - 1063. Give l(-64).
1433
Let r(b) = b**3 - 5*b**2 - 20822*b + 104124. What is r(5)?
14
Let s(n) = -3*n**2 - 285012*n - 1994995. What is s(-7)?
-58
Let x(k) = 201075*k + 4624716. Give x(-23).
-9
Let q(o) = -277006*o - 831022. Determine q(-3).
-4
Let v(l) = 1247*l + 367945. Determine v(-295).
80
Let m(l) = 16069*l - 64574. Calculate m(4).
-298
Let m(u) = 2*u**2 - 16477*u + 164627. What is m(10)?
57
Let i(b) = -357661*b - 4291958. Determine i(-12).
-26
Let d(y) = 10*y**2 + 1037*y - 27658. Give d(22).
-4
Let u(m) = 182419*m + 18241885. Calculate u(-100).
-15
Let m(i) = -9992*i - 709455. What is m(-71)?
-23
Let c(l) = l**3 - 36*l**2 - 689*l - 1123. Determine c(-13).
-447
Let p(k) = -42*k**2 + 3527*k - 10. Calculate p(84).
-94
Let r(p) = -9*p**2 - 925*p - 2351. Determine r(-100).
149
Let g(j) = -10*j**3 + 3693*j**2 - 1126*j + 7008. Calculate g(369).
-3
Let w(l) = -l**3 + 8*l**2 + 734*l - 8789. Determine w(12).
-557
Let w(m) = 549*m**3 + 4941*m**2 + 5*m + 21. What is w(-9)?
-24
Let a(n) = 2797*n - 1381511. Determine a(494).
207
Let n(y) = 2*y**2 + 621*y + 33840. Determine n(-240).
0
Let v(g) = -566*g - 5703. Give v(-11).
523
Let y(b) = b**2 + 1370*b + 13658. Give y(-10).
58
Let s(g) = 50*g**2 + 2376*g - 11847. What is s(5)?
1283
Let t(o) = -2*o**2 + 206*o + 4117. Calculate t(-17).
37
Let g(r) = 3*r**2 - 1178*r - 4723. Give g(-4).
37
Let c(r) = -3*r**3 - 83*r**2 + 364*r + 46. Calculate c(-32).
1710
Let t(s) = s**3 + s**2 + 1309*s + 3951. Determine t(-3).
6
Let n(s) = 153*s**2 - 3524*s + 14082. Determine n(4).
2434
Let d(a) = 12344*a + 271195. Calculate d(-22).
-373
Let s(f) = -47*f**2 + 392*f + 50. Give s(8).
178
Let f(n) = 69101*n + 207330. What is f(-3)?
27
Let u(g) = -12*g**3 + 1834*g**2 + 397*g - 13917. What is u(153)?
6
Let l(o) = -32*o**2 + 889*o - 1493. Determine l(26).
-11
Let z(r) = -r**2 + 9717*r - 155223. Give z(16).
-7
Let t(w) = -111*w**2 - 24*w - 75. Calculate t(-3).
-1002
Let o(x) = -644*x**2 + 4516*x - 19. Determine o(7).
37
Let m(l) = -l**3 + 337*l**2 + 3179*l - 144550. Determine m(345).
5
Let h(c) = 11816*c + 58. Give h(0).
58
Let c(a) = 2*a**2 + 181*a - 98. Determine c(-91).
-7
Let g(r) = -r**2 + 8368*r + 352982. Give g(-42).
-238
Let q(i) = i**3 - 125*i**2 - 45565*i - 9938. Determine q(285).
37
Let b(i) = 90*i**2 - 79781*i + 115943. What is b(885)?
8
Let y(z) = 1760*z + 135604. What is y(-77)?
84
Let o(x) = 247*x + 19240. Determine o(-78).
-26
Let v(s) = -1398*s + 33562. What is v(24)?
1